90?
18
Suppose 14*w = 12*w + 496. Calculate the greatest common factor of w and 31.
31
Suppose -5*u - 3 = -33. Suppose 5*j + 2 = -3. Let l = 5 + j. What is the greatest common factor of u and l?
2
Suppose 0 = -2*f - 2*f + 8. What is the highest common factor of 18 and f?
2
Let k = -80 + 91. Calculate the highest common factor of k and 121.
11
Let l = 19 + 33. Let a(r) = -12*r + 42. Let h be a(-3). Calculate the greatest common divisor of l and h.
26
Let v(l) = 2*l**2 + 2. Let n be v(-2). Let u = n - -9. What is the highest common divisor of 95 and u?
19
Let a(p) = p + 1. Let g(k) = k**2 - 2*k. Let d be g(3). Let b be a(d). Suppose 0 = -6*f + b*f + 150. What is the greatest common factor of f and 15?
15
Suppose 0 = -s + 4*g + 52, -4*s = -g + 5*g - 288. Let c = s - 33. What is the greatest common divisor of c and 7?
7
Suppose -3*a + 1 = 5*f, 0*a + 5*f = 5*a - 55. Calculate the highest common factor of a and 1.
1
Suppose 0*n - n + 4 = 0. Suppose -2*c - 3*q + 1 = -1, n*c + 3*q - 4 = 0. Let b be (26 + -5)*c/3. What is the greatest common divisor of b and 7?
7
Let z be 3/(-2)*120/(-9). Calculate the greatest common divisor of z and 4.
4
Let k(a) = a**3 + 9*a**2 - 10*a + 9. Let n be k(-10). Let b = 11 - 10. Calculate the highest common divisor of n and b.
1
Suppose 10 = 3*a - 2*n - 2*n, 0 = -5*a - 4*n + 6. Suppose 80 = -0*o + 4*o + 3*y, a*o + 3*y - 40 = 0. Calculate the highest common factor of o and 50.
10
Let w be 4/(-10) + 128/20. Let z(f) = -7 - f + 31*f + 3. Let j be z(w). Calculate the highest common factor of 16 and j.
16
Let l be -3*(-1 + (-15)/(-9)). Let h be (3 - (0 - l))*33. Suppose h = y + 5*q, 2*q - 5*q = -4*y + 109. Calculate the greatest common factor of y and 4.
4
Suppose -6*b - 32 = -7*b. Calculate the greatest common divisor of b and 32.
32
Let q(t) = 2*t + 6. Let o be q(-3). Let y be (o + 45)/((-39)/(-52)). Calculate the greatest common divisor of 15 and y.
15
Let p(h) be the second derivative of -5*h**3/3 + h**2/2 + 3*h. Let c be p(-8). Calculate the greatest common divisor of c and 9.
9
Suppose 4*l + 330 = 6*l. Calculate the greatest common factor of 33 and l.
33
Let x = -4 - -24. Suppose -w - 2*c - 17 = -6*c, 0 = 2*w - 3*c + 9. Suppose 0 = -w*y + 26 - 2. What is the highest common factor of y and x?
4
Let f be (-8)/36 - 110/(-9). Calculate the greatest common divisor of 12 and f.
12
Let j = 88 + -81. What is the highest common divisor of j and 35?
7
Suppose 5*c = l - 345, -276 = c + 3*c + 4*l. Let b = c + 167. What is the highest common factor of 14 and b?
14
Suppose -70 = -11*z + 6*z. Let t = -11 - -15. Let c be t/(-18) - (-508)/18. Calculate the greatest common divisor of z and c.
14
Suppose 5*s + 7 = 2. Let g be -1 - 31*1/s. Suppose 19*i - 254 - 126 = 0. What is the highest common divisor of g and i?
10
Let t(s) = s**2 - 3*s + 20. Let a be t(0). Suppose -4*f = 6 + 30. Let n = a + f. What is the highest common factor of 11 and n?
11
Let x = 8 + -30. Let w = x - -30. Calculate the highest common factor of w and 32.
8
Let l(k) be the first derivative of k**4/4 + 8*k**3/3 - k**2/2 + 2. Let i be l(-8). Suppose 2*p = 2 + i. What is the highest common factor of 20 and p?
5
Let b(g) = 14*g**2 - 4*g + 2. Let w be b(2). Let m(v) = -v**2 + 7*v - 5. Let p be m(5). Let f = p - -5. Calculate the highest common divisor of w and f.
10
Suppose -2*f + 21 = -3. Suppose 0 = 3*q - f. Calculate the greatest common divisor of 16 and q.
4
Suppose -2982 - 3162 = 2*o. Let l be (-4)/(-5) - o/60. Let j = 5 + 8. Calculate the greatest common divisor of j and l.
13
Let o be 32/14 - 8/28. Let t be (24/o - 2)*1. Suppose 0 = 6*v - t*v + 32. Calculate the greatest common divisor of 56 and v.
8
Let c(w) = 4*w**2 - 3*w - 4. Let d be c(-2). Calculate the greatest common factor of d and 90.
18
Suppose 50 = 5*m - 25. Calculate the highest common divisor of 15 and m.
15
Let n be 2/(-5) + 124/10. Suppose -8*r + 3*r = 3*p - 26, -2*p = -3*r - 30. What is the greatest common factor of p and n?
12
Suppose 390 = 14*k - k. Calculate the highest common factor of k and 20.
10
Let y(f) = -f**3 - 36*f**2 - 35*f + 15. Let g be y(-35). What is the highest common factor of 195 and g?
15
Let t = -23 - -31. Suppose -4*q + 299 - 75 = 0. Calculate the greatest common factor of q and t.
8
Let v be (-1550)/(-20) + 2/(-4). Calculate the highest common factor of 11 and v.
11
Let f(q) = 5 + 3*q**2 - q**2 - q**2. Let r be f(0). Suppose 42 + 30 = 4*u - y, r*u + y = 90. Calculate the greatest common divisor of u and 6.
6
Suppose -8*j = -3*j + 5*n - 5, 0 = -2*j + 4*n + 32. Suppose 17 = 2*p - 7. Calculate the highest common factor of j and p.
6
Suppose 0 = -2*n - 4*y + 89 + 63, 4*n - 309 = -3*y. Suppose 0 = -2*f + 78 + 10. Let o = -31 + f. Calculate the highest common factor of n and o.
13
Let d be (6 + -2 - 3) + 1. Suppose c + d*c - 270 = 0. Calculate the highest common divisor of 18 and c.
18
Let h = -5 + 9. Let f be 12/10*(-1 + 6). Suppose f + 10 = 2*v. What is the highest common factor of h and v?
4
Suppose 2*k = 1324 - 346. Suppose -103 = -2*c - 2*r + 143, 4*c = -5*r + k. What is the greatest common factor of 14 and c?
14
Let o be (-2)/(-4)*(14 - 6). Suppose o*b + 9 = -5*q, 5 + 18 = 2*b - 3*q. Suppose b*x - 8 = -4. Calculate the highest common factor of 9 and x.
1
Let j be (-8 - -7)/((-2)/8). Suppose -5*z + 2 + 3 = 0. Let y = z + 3. Calculate the highest common divisor of y and j.
4
Let l be (-13)/(-2) - (-12)/24. Calculate the greatest common divisor of l and 63.
7
Suppose 0 = 2*u - 8 + 24. Let g = u - -19. Suppose 0 = l + 3*n - 62, 0 = -5*l - 2*n - n + 370. Calculate the greatest common divisor of l and g.
11
Suppose 0 = -2*v + 5*v - 135. Let d = v - 27. What is the highest common factor of d and 45?
9
Let t(j) = -j**3 + 3*j**2 - 4*j. Let c be t(3). Let n = c - -22. Calculate the highest common divisor of 40 and n.
10
Suppose -s + 3*p - p + 138 = 0, -3*s = 4*p - 374. Suppose -h - 4*h = -s. Calculate the greatest common divisor of 65 and h.
13
Let k(c) = -c**3 - 4*c**2 + 3*c. Let s be k(-5). What is the greatest common factor of s and 25?
5
Let g = -244 - -424. What is the greatest common factor of 20 and g?
20
Let t = 222 + -157. Suppose 3*u = 2*u + 65. Suppose -6*x = -x - u. Calculate the greatest common factor of x and t.
13
Suppose 23*v - 20 = 19*v. Calculate the greatest common factor of 5 and v.
5
Suppose -6*k = -2*k + 12. Let g be (9 + k)/(1/1). Suppose g*r - r = -3*x + 375, 5*x = -5*r + 385. Calculate the greatest common factor of r and 9.
9
Let w = -39 - -41. Let m be 0/5 - (-5 + -1). Calculate the highest common divisor of w and m.
2
Let w be 2 + 295 - (-1 + 4). Let p = -107 + w. What is the greatest common factor of p and 17?
17
Let v be ((-40)/(-15))/(2/6). Let j(p) = -3*p**3 - 3*p**2. Let c be j(-2). What is the greatest common factor of c and v?
4
Suppose 0 = 4*a - 0 - 8. Suppose 5*t = 2*b, -2*t + 5*b + 17 = a*t. Let o be (15 + 5)/(t/(-3)). Calculate the highest common divisor of 6 and o.
6
Suppose -5 = 5*j + 2*b, 6 = 3*j - 2*b - 7. Calculate the greatest common factor of 2 and j.
1
Let s be -6*((-2)/(-4) + -1). Let n be (-22 - -1)*(-4)/s. Let c = 17 + -3. What is the greatest common divisor of c and n?
14
Suppose 0 = 3*o + 4*k - 36, -2*k = -4*o - 0*k + 48. Let s = -10 - -15. Suppose 0 = -q + s*q - 72. What is the greatest common factor of q and o?
6
Suppose -y + 61 + 100 = 0. What is the greatest common factor of y and 23?
23
Suppose 12*h - 33 = 9*h. Let g = h + -5. What is the greatest common factor of 48 and g?
6
Let g(y) = 2*y**2 - y - 3. Let i be g(3). Calculate the greatest common divisor of i and 12.
12
Suppose -3*g + 3*c = -528, -g + 182 - 6 = 2*c. Calculate the greatest common factor of 22 and g.
22
Suppose -16 = 5*w - 41. Let n(s) = -s**2 + 8*s. Let z be n(6). Let q = 13 + z. What is the greatest common factor of q and w?
5
Let r be 1 + (3 - 2) + 3. Suppose -4*l = -187 - 33. Calculate the greatest common divisor of l and r.
5
Let f(y) be the third derivative of -y**4/24 + y**3/6 + y**2. Let w be f(-4). What is the highest common factor of w and 10?
5
Let p = -46 - -142. What is the highest common divisor of 12 and p?
12
Let w(g) be the second derivative of 0*g**2 + 0 + 1/3*g**3 - 2*g. Let q be w(5). What is the greatest common divisor of q and 10?
10
Let x(s